y y(-6).
23
Let z = -416 - -704. What is the remainder when z is divided by 17?
16
Let l = 2 + 1. Suppose -5*n = w - 4, -14 = 2*w + l*n - 57. Calculate the remainder when 84 is divided by w.
26
What is the remainder when 172 is divided by 2/8 + 8118/328?
22
Let g be 15/(-40) - (-11649)/24. Suppose -3*w = x - 354, -6*w + 3*x + g = -2*w. What is the remainder when w is divided by 12?
11
Let v(g) = g + 23. Let i be 2*6*3/6. Let w = -16 + i. Calculate the remainder when v(w) is divided by 3.
1
Suppose -m = -2*j + 205, 2*j - 3*m - 202 = m. Calculate the remainder when j is divided by (-634)/(-18) - (-8)/(-36).
33
Calculate the remainder when (-29 - -30)*1403*2 is divided by 117.
115
Calculate the remainder when 95 is divided by ((-7 - -10)/(-3))/((-2)/26).
4
Suppose 4*g + 0 + 16 = 0. Let r be (-1)/(-3 + (-13)/g). Let j(y) = -y**3 - 5*y**2 - 5*y + 5. Calculate the remainder when 17 is divided by j(r).
8
Let w = -361 - -364. What is the remainder when (8/(-3))/(6/(-27)) is divided by w?
0
Let p be 12/(-3)*(-2)/(-4). Calculate the remainder when (39/p)/(-3)*2 is divided by 5.
3
Let v = 100 + -115. Let r = 102 + v. What is the remainder when r is divided by 18?
15
Let r = 1593 - 1542. What is the remainder when 507 is divided by r?
48
Suppose -4*u = -2*g + 516, 3*g + g - 2*u = 1008. Calculate the remainder when g is divided by 42.
40
Let d(o) be the third derivative of -o**5/60 + o**4/6 + o**2. Suppose 8*g - 24 = 2*g. What is the remainder when g is divided by d(3)?
1
Let v = -579 - -598. What is the remainder when 776 is divided by v?
16
Let h(d) = 7*d + 8. Let a be h(-5). Calculate the remainder when 159 is divided by ((-615)/a - -4) + 4/18.
24
Let m be -1 - (2 + 2 + -7). Suppose 0 = 4*x - 18 + m. What is the remainder when 14 is divided by x?
2
Suppose 3*b - 367 = -5*x - 117, 0 = 3*x + 4*b - 161. Let p = 71 - x. What is the remainder when 46 is divided by p?
22
Let s be 8/(-6)*(22/(-4) + 4). Suppose 0 = r + 4, s*l = -r - r + 72. What is the remainder when l is divided by 14?
12
Let i(u) = 2*u**3 - u**2 + u - 1. Let p be i(1). Suppose 0 = f - 18 - p. What is the remainder when 31 is divided by f?
12
Let a(p) = -2*p**2 - 7*p - 6. Let v(j) = 4*j**2 + 14*j + 12. Let s(c) = -5*a(c) - 2*v(c). Let h = -117 - -128. What is the remainder when s(-5) is divided by h?
10
Let h = 1066 + -691. What is the remainder when h is divided by 47?
46
Suppose 2 = j, -2*f = 3*f + j - 242. Calculate the remainder when 239 is divided by f.
47
Let n(f) = 3*f**2 + 11*f - 17. What is the remainder when n(7) is divided by 13?
12
Let j(n) = -4 - 6 + 2*n + 1 + 4. Suppose -2*i - 8 = -60. What is the remainder when i is divided by j(7)?
8
Suppose -4*k + 5*b + 55 = -47, -54 = -2*k + b. What is the remainder when 51 is divided by k?
23
Suppose 7 = 3*w - 20. What is the remainder when 59 is divided by 6/w + (-43)/(-3)?
14
Let m(i) = 8*i - 63. Let h be 2/(-3) + (580/15)/4. Calculate the remainder when 43 is divided by m(h).
7
Calculate the remainder when 57 is divided by 2/(-9) - (-1748)/414.
1
Suppose -2*t = -3*i + 115, i - 142 = -3*i - 3*t. Suppose -3*z = -0*z - 4*c - 339, c = -3. Calculate the remainder when z is divided by i.
35
Suppose -13*y + 164 = 28*y. What is the remainder when 15 is divided by y?
3
Suppose 5*x - 121 = 394. What is the remainder when x is divided by 28?
19
Let f(l) = -3*l - 33. Let m be f(-11). What is the remainder when m - -4 - (-92 + (3 - -3)) is divided by 24?
18
Let l = 1248 - 1225. What is the remainder when l is divided by 16?
7
Suppose 5*l - 475 = -p, 2*l - 6*p = -2*p + 212. Let q(x) = 4*x - 3. Calculate the remainder when l is divided by q(7).
21
Suppose -2*y + 2*j = -158, -6*y + 2*y + 343 = 5*j. What is the remainder when 244 is divided by y?
80
Let k = -29 - -31. Suppose -2*t + 4*c = -18, -29 = -k*t + 3*c - 7. Let l(j) = 4*j**2 - j - 1. Calculate the remainder when t is divided by l(-1).
1
Suppose -8*h = -13*h. Let i be (h*2/(-2))/(-2). Suppose q - 2*s = 17, q = -i*q + 4*s + 27. Calculate the remainder when q is divided by 5.
2
Suppose 2*q + 2*q - 16 = i, -3*q - 4*i = -12. Let v(x) = -x**3 - 3*x**2 + 3. What is the remainder when q is divided by v(-3)?
1
Suppose 257*i + 6432 = 265*i. What is the remainder when i is divided by 62?
60
Let p(n) = n**3 - 2*n**2 + n - 6. Let c be p(5). Let h = -52 + c. Calculate the remainder when 63 is divided by h.
19
Let j(f) = 9*f**3 - 7*f**2 + 3*f + 5. Let h be j(4). Suppose h = 11*i + 162. Calculate the remainder when 56 is divided by i.
27
Let o = 54 + -24. Suppose 20 = 3*f - h, 0 = -10*f + 8*f - 2*h + 24. What is the remainder when o is divided by f?
6
Suppose -d + 52 = 2*b + 20, 4*d + b = 107. Suppose -8*h = -7*h - 74. Calculate the remainder when h is divided by d.
22
Let p(z) = 3*z - 4. Let y(g) = 5*g - 8. Let o(h) = 7*p(h) - 4*y(h). Suppose 5*b - 16 = b. What is the remainder when o(b) is divided by 6?
2
Let u(c) = -c**2 + 134*c**3 - c + 2 + 2 - 3 + 0*c. Let m be u(-1). Let j = -71 - m. Calculate the remainder when j is divided by 22.
18
Suppose 20 = 7*d - 5*d. Suppose d*o + 43 = 11*o. Calculate the remainder when o is divided by 9.
7
Suppose 3*b = -b + 12. Suppose -3*d + b*t = -30, 47 = 5*d - t - t. Let m(i) = -3*i**2 - 17*i - 4. What is the remainder when m(-4) is divided by d?
7
Let d be (-7)/((-21)/6) - -6. Suppose d = -3*l + 44. Suppose 0 = -10*y + l*y - 74. Calculate the remainder when y is divided by 13.
11
Let z(o) = o**3 + 23*o**2 + 24*o + 48. Let r be z(-22). Suppose r*v - 252 = -4*t, 4*v - 8*v + 244 = -4*t. What is the remainder when v is divided by 16?
14
Let o = -2401 - -2428. Calculate the remainder when 272 is divided by o.
2
Suppose 4 = 7*u - 6*u. Suppose 2*j - 2*k - 111 = k, k = -u*j + 215. What is the remainder when j is divided by 19?
16
Suppose -426 = 4*u + 290. Let k = u + 239. Suppose -4*o + 3*x + 130 = 0, 2*o = 4*o - 5*x - 72. Calculate the remainder when k is divided by o.
29
Let f(g) = -28*g**2 + 2*g + 2 + 0*g - 4*g + 29*g**2. Let l = 59 + -42. Calculate the remainder when f(-7) is divided by l.
14
Let y(w) = w + 17. Let t be y(-15). Let s = 3 + -3. Suppose -2*n + 56 = t*n + f, s = -3*f. What is the remainder when 39 is divided by n?
11
Let h = -6 - -10. Let j = -7 - -16. Suppose 2*w = 3*k + j, h*w - k = -4*k + 45. What is the remainder when w is divided by 5?
4
Suppose v = 3*v - 3*i - 19, -4*i + 48 = 4*v. Let p = v + -8. What is the remainder when 56 is divided by (-380)/(-30)*p/2?
18
Let s be -1 - 25 - (-16 - -18). Let g = -25 - s. What is the remainder when 27 is divided by (-69)/(-46)*10/g?
2
Let o be (-544)/(-10) - (-15)/25. Suppose -5*x = g - o, 2*g - g - 43 = -4*x. Let d = -7 + x. Calculate the remainder when 9 is divided by d.
4
Suppose 0 = 17*v - 156 + 37. What is the remainder when 144 is divided by v?
4
Let s(q) = 41*q**2 - q - 2. Let v be s(-2). Suppose 0 = 4*u + d - 214, -6*d + 5*d - v = -3*u. Calculate the remainder when u is divided by 8.
6
Let v(u) = u**3 + 17*u**2 + 15*u - 13. Let i be v(-16). What is the remainder when i*(-30)/(-11) - (-12)/(-66) is divided by 3?
2
Let s(t) = t**2 + 11*t. Calculate the remainder when s(-15) is divided by 21.
18
Let x = 14 + -13. Let j(r) = 17*r - 1. Suppose -5*h - 176 = -4*b, -2*b - 2*h + 51 + 37 = 0. Calculate the remainder when b is divided by j(x).
12
Suppose -6*c + 621 = 141. Calculate the remainder when c is divided by 14.
10
Let f(y) = 7*y**2 - 4*y - 2. Let n be f(4). Let a = -29 + n. Calculate the remainder when a is divided by 17.
14
Let x(w) = -22*w + 628. What is the remainder when x(7) is divided by 34?
32
Let b(c) = -5*c - 28*c**3 - 11*c**2 + 52*c**3 - 26*c**3 + 4. Calculate the remainder when b(-6) is divided by 18.
16
Let o be 2/1 - 2 - -6. Suppose o*u - 375 = u. What is the remainder when u is divided by 26?
23
Suppose 9 = 3*i, -2*i = -a - 3*i + 13. Suppose 0 = -3*n + a + 71. Calculate the remainder when 105 is divided by n.
24
Let n be (-3)/(-15) - 2/10. Suppose n = 4*w - 6 - 26. Let y = 50 + -28. Calculate the remainder when y is divided by w.
6
Suppose -27 = 11*h - 12*h. Calculate the remainder when 44 is divided by h.
17
Suppose 11*q + q = 5832. What is the remainder when q is divided by 8?
6
Let s(a) = -2*a**3 - a**2 - a - 5. Calculate the remainder when 128 is divided by s(-3).
42
Suppose 4*n - 3*f = 68, 34 =